{"id":72,"date":"2019-05-28T15:29:06","date_gmt":"2019-05-28T13:29:06","guid":{"rendered":"http:\/\/www.netbeatmachine.be\/wp-genappe\/?page_id=72"},"modified":"2021-04-20T21:07:26","modified_gmt":"2021-04-20T19:07:26","slug":"lentilles-de-contact","status":"publish","type":"page","link":"https:\/\/www.genappevision.be\/index.php\/lentilles-de-contact\/","title":{"rendered":"Lentilles de contact"},"content":{"rendered":"\n<p>Que ce soit pour le sport, pour une occasion particuli\u00e8re ou pour un usage quotidien, les lentilles de contact sont un \u00e9quipement visuel qui n\u00e9cessite une adaptation pr\u00e9cise.<\/p>\n\n\n\n<p>Nous sommes sp\u00e9cialis\u00e9s dans l\u2019adaptation de tous types de lentilles de contact (souples et semi rigides).<\/p>\n\n\n\n<ul class=\"wp-block-gallery columns-3 wp-block-gallery-1 is-layout-flex wp-block-gallery-is-layout-flex\"><li class=\"blocks-gallery-item\"><figure><img loading=\"lazy\" decoding=\"async\" width=\"385\" height=\"91\" src=\"https:\/\/www.genappevision.be\/wp-content\/uploads\/2019\/08\/logo-alcon-e1565635820298.jpg\" alt=\"\" data-id=\"221\" data-link=\"https:\/\/www.genappevision.be\/index.php\/lentilles-de-contact\/logo-alcon\/\" class=\"wp-image-221\" srcset=\"https:\/\/www.genappevision.be\/wp-content\/uploads\/2019\/08\/logo-alcon-e1565635820298.jpg 385w, https:\/\/www.genappevision.be\/wp-content\/uploads\/2019\/08\/logo-alcon-e1565635820298-300x71.jpg 300w\" sizes=\"auto, (max-width: 385px) 100vw, 385px\" \/><\/figure><\/li><li class=\"blocks-gallery-item\"><figure><img loading=\"lazy\" decoding=\"async\" width=\"445\" height=\"113\" src=\"https:\/\/www.genappevision.be\/wp-content\/uploads\/2019\/08\/logo-bauschlomb.jpg\" alt=\"\" data-id=\"222\" data-link=\"https:\/\/www.genappevision.be\/index.php\/lentilles-de-contact\/logo-bauschlomb\/\" class=\"wp-image-222\" srcset=\"https:\/\/www.genappevision.be\/wp-content\/uploads\/2019\/08\/logo-bauschlomb.jpg 445w, https:\/\/www.genappevision.be\/wp-content\/uploads\/2019\/08\/logo-bauschlomb-300x76.jpg 300w\" sizes=\"auto, (max-width: 445px) 100vw, 445px\" \/><\/figure><\/li><li class=\"blocks-gallery-item\"><figure><img loading=\"lazy\" decoding=\"async\" width=\"259\" height=\"94\" src=\"https:\/\/www.genappevision.be\/wp-content\/uploads\/2019\/08\/logo-coopervision-e1565635843453.jpg\" alt=\"\" data-id=\"223\" data-link=\"https:\/\/www.genappevision.be\/index.php\/lentilles-de-contact\/logo-coopervision\/\" class=\"wp-image-223\"\/><\/figure><\/li><li class=\"blocks-gallery-item\"><figure><img loading=\"lazy\" decoding=\"async\" width=\"200\" height=\"39\" src=\"https:\/\/www.genappevision.be\/wp-content\/uploads\/2019\/08\/logo-jj.jpg\" alt=\"\" data-id=\"224\" data-link=\"https:\/\/www.genappevision.be\/index.php\/lentilles-de-contact\/logo-jj\/\" class=\"wp-image-224\"\/><\/figure><\/li><li class=\"blocks-gallery-item\"><figure><img loading=\"lazy\" decoding=\"async\" width=\"180\" height=\"142\" src=\"https:\/\/www.genappevision.be\/wp-content\/uploads\/2019\/08\/logo-precilens.jpg\" alt=\"\" data-id=\"225\" data-link=\"https:\/\/www.genappevision.be\/index.php\/lentilles-de-contact\/logo-precilens\/\" class=\"wp-image-225\"\/><\/figure><\/li><\/ul>\n\n\n\n<p><\/p>\n","protected":false},"excerpt":{"rendered":"<p>Que ce soit pour le sport, pour une occasion particuli\u00e8re ou pour un usage quotidien, les lentilles de contact sont&hellip;<\/p>\n","protected":false},"author":2,"featured_media":0,"parent":0,"menu_order":0,"comment_status":"closed","ping_status":"closed","template":"","meta":{"footnotes":""},"class_list":["post-72","page","type-page","status-publish","hentry"],"_links":{"self":[{"href":"https:\/\/www.genappevision.be\/index.php\/wp-json\/wp\/v2\/pages\/72","targetHints":{"allow":["GET"]}}],"collection":[{"href":"https:\/\/www.genappevision.be\/index.php\/wp-json\/wp\/v2\/pages"}],"about":[{"href":"https:\/\/www.genappevision.be\/index.php\/wp-json\/wp\/v2\/types\/page"}],"author":[{"embeddable":true,"href":"https:\/\/www.genappevision.be\/index.php\/wp-json\/wp\/v2\/users\/2"}],"replies":[{"embeddable":true,"href":"https:\/\/www.genappevision.be\/index.php\/wp-json\/wp\/v2\/comments?post=72"}],"version-history":[{"count":4,"href":"https:\/\/www.genappevision.be\/index.php\/wp-json\/wp\/v2\/pages\/72\/revisions"}],"predecessor-version":[{"id":248,"href":"https:\/\/www.genappevision.be\/index.php\/wp-json\/wp\/v2\/pages\/72\/revisions\/248"}],"wp:attachment":[{"href":"https:\/\/www.genappevision.be\/index.php\/wp-json\/wp\/v2\/media?parent=72"}],"curies":[{"name":"wp","href":"https:\/\/api.w.org\/{rel}","templated":true}]}}